{"id":27,"date":"2019-01-13T01:14:24","date_gmt":"2019-01-13T01:14:24","guid":{"rendered":"https:\/\/artisti-dobrogeni.ro\/home\/?page_id=27"},"modified":"2019-03-05T17:31:41","modified_gmt":"2019-03-05T15:31:41","slug":"evenimente","status":"publish","type":"page","link":"https:\/\/artisti-dobrogeni.ro\/home\/asociatia-artisti-dobrogeni\/evenimente\/","title":{"rendered":"Evenimente"},"content":{"rendered":"\n<p><strong>Activitatea artistic\u0103 a\ngrupului de arti\u015fti dobrogeni <\/strong><\/p>\n\n\n\n<p><strong>2018<\/strong><\/p>\n\n\n\n<ul><li><strong>Expozi\u0163ie de pictur\u0103 <\/strong><strong><em>\u201eLegende\npe p\u00e2nz\u0103\u201d <\/em><\/strong><em>\u2013 <\/em>cu\nvernisaj pe data de 23 noiembrie 2017, la Biblioteca Jude\u0163ean\u0103 Ioan N. Roman,&nbsp;cu picturi ale membrilor Asocia\u0163iei Arti\u015fti Dobrogeni \u015fi cu lansarea albumului de art\u0103 \u015fi legende\ndobrogene <strong><em>\u201e<\/em>100 de ani la malul m\u0103rii\ncu arti\u0219ti dobrogeni<em>\u201d<\/em><\/strong>.<\/li><\/ul>\n\n\n\n<p>&#8211; Prezentare: Geta Deleanu, muzeograf la Muzeul\nde Art\u0103 Constan\u0163a,<\/p>\n\n\n\n<p>&#8211; Organizare expozi\u0163ie, protocol vernisaj, concep\u021bie\nalbum de atr\u0103 \u0219i legende, centralizare \u015fi selec\u0163ie materiale, tehnoredactare\nalbum: Mirela Iuliana Turtoi,<\/p>\n\n\n\n<p>&#8211; Grafic\u0103 album: Gabriela Bobeanu.<\/p>\n\n\n\n<ul><li><strong>Expozi\u0163ie de pictur\u0103<\/strong><strong><em> \u201c\u00cen drum spre Balcic\u201d <\/em><\/strong><strong><em>&#8211;<\/em><\/strong> cu vernisaj pe data de 11 mai, la Biblioteca\nJude\u0163eana Ioan N. Roman,&nbsp;<\/li><\/ul>\n\n\n\n<p>Prezentare Geta\nDeleanu, muzeograf la Muzeul de Art\u0103 Constan\u0163a,<\/p>\n\n\n\n<p>Organizator: Mirela Turtoi<\/p>\n\n\n\n<p><strong>2017<\/strong><\/p>\n\n\n\n<ul><li><strong>Expozi\u0163ie de pictur\u0103 <\/strong><strong><em>\u201e<\/em><\/strong><strong>Dobrogea\nde la Nord la Sud<\/strong><strong><em>\u201d <\/em><\/strong><em>\u2013 <\/em>\u00een noiembrie 2017, la Biblioteca Jude\u0163ean\u0103 Ioan N. Roman,&nbsp;cu\npicturi ale membrilor Asocia\u0163iei\nArti\u015fti Dobrogeni \u015fi cu lansare album de art\u0103 \u015fi poezie.<\/li><\/ul>\n\n\n\n<p>&#8211; Prezentare: Geta Deleanu, muzeograf la Muzeul\nde Art\u0103 Constan\u0163a,<\/p>\n\n\n\n<p>&#8211; Organizare expozi\u0163ie, protocol vernisaj,\ncentralizare \u015fi selec\u0163ie materiale, tehnoredactare album: Mirela Iuliana\nTurtoi,<\/p>\n\n\n\n<p>&#8211; Grafic\u0103 album: Gabriela Bobeanu.<\/p>\n\n\n\n<ul><li><strong>Expozi\u0163ie de printuri pe canvas<\/strong>, expuse pe \u015fevalete \u00een fa\u0163a Muzeului National de Istorie si Arheologie Constanta, organizat\u0103 de Mirela Iuliana Turtoi \u00een calitate de invitat, cu imagini de picturi ale membrilor Asocia\u0163iei Arti\u015fti Dobrogeni,&nbsp; \u00een cadrul <strong><em>&nbsp;<\/em><\/strong>proiectului cultural&nbsp;<em>\u201cFestivalul Mondial de Art\u0103 \u0219i\nInterculturalitate Ovidius\u201d,<\/em>\nini\u0163iat de Asocia\u0163ia \u201cECSIA SOCIAL ORG\u201d, in perioada august-septembrie 2017.<strong><\/strong><\/li><\/ul>\n\n\n\n<ul><li><strong>Expozi\u0163ie de pictur\u0103<\/strong><strong><em> <\/em><\/strong><strong>pe \u015fevalete <em>\u201e<\/em>Tomisul\nEtern<em>\u201d<\/em> <em>&#8211;<\/em> <\/strong>organizat\u0103 de Mirela Iuliana Turtoi \u00een calitate de invitat, cu picturi ale membrilor Asocia\u0163iei Arti\u015fti Dobrogeni,&nbsp; \u00een cadrul <em>Festivalului de\nArt\u0103 Tomisul Etern \u2013 edi\u021bia a II-a,<\/em> ini\u0163iat de Asociatia Nihil Sine Arte, \u00een luna\naugust 2017, pe Falez\u0103 \u00een fa\u0163a Cazinoului din Constan\u0163a.<\/li><\/ul>\n\n\n\n<ul><li><strong>Expozi\u0163ie de pictur\u0103<\/strong><strong><em> \u201eOvidius,\namores et poesis\u201d<\/em><\/strong><strong> <em>&#8211;<\/em> <\/strong>organizat\u0103 de Mirela\nIuliana Turtoi \u00een calitate de invitat, cu picturi ale membrilor Asocia\u0163iei\nArti\u015fti Dobrogeni,&nbsp; \u00een cadrul simpozionului Ovidienii, cu vernisaj pe data de 1\niulie 2017, \u00een zona Falez\u0103 Lac din ora\u015ful Ovidiu, \u00een colaborare cu prim\u0103ria din\nOvidiu si cu prim\u0103ria din ora\u015ful Sulmona &#8211; Italia.<\/li><\/ul>\n\n\n\n<p>&#8211; Prezentare: Geta Deleanu, muzeograf la Muzeul\nde Art\u0103 Constan\u0163a,<\/p>\n\n\n\n<p>&#8211; Organizatori simpozion: Enache Tu\u015fa din partea Universitatii Ovidius\nConstan\u0163a, \u015fi George Dragomir, din partea prim\u0103riei ora\u015fului Ovidius.<\/p>\n\n\n\n<ul><li><strong>Expozi\u0163ie de pictur\u0103<\/strong><strong><em> \u201eSalonul\nde prim\u0103vara\u201d<\/em><\/strong><strong> <em>&#8211;<\/em><\/strong> cu vernisaj pe\ndata de 3 martie 2017, la Biblioteca Jude\u0163ean\u0103 Ioan N. Roman,&nbsp;cu picturi ale membrilor Asocia\u0163iei\nArti\u015fti Dobrogeni,&nbsp;cu lansarea unui album de arta si fotografie<\/li><\/ul>\n\n\n\n<p>&#8211; Prezentare: Geta Deleanu, muzeograf la Muzeul\nde Art\u0103 Constan\u0163a,<\/p>\n\n\n\n<p>&#8211; Organizare expozitie, protocol vernisaj,\ncentralizare \u015fi selec\u0163ie materiale, tehnoredactare albul: Mirela Iuliana\nTurtoi,<\/p>\n\n\n\n<p>&#8211; Grafica album: Gabriela Bobeanu.<\/p>\n\n\n\n<p><strong>2016:<\/strong><\/p>\n\n\n\n<ul><li><strong>Expozi\u0163ie de pictur\u0103<\/strong><strong><em> \u201eExpresii\nplastice dobrogene\u201d<\/em><\/strong> &#8211; cu vernisaj pe data de 04 noiembrie 2016, la\nBiblioteca Jude\u0163eana Ioan N. Roman, cu picturi ale membrilor Asocia\u0163iei ARTI\u015eTI DOBROGENI,&nbsp;cu\nlansarea unui album de art\u0103 \u015fi poezie \u00een cadrul proiectului cultural <em>Sesiune de crea\u0163ie cu arti\u015fti dobrogeni &#8211;\neditia I<\/em><\/li><\/ul>\n\n\n\n<p>&#8211; Prezentare: prof. Univ. Dr. Ibram Nuredin \u2013 Facultatea\nde Arte, Universitatea Ovidius Constan\u0163a si Geta DELEANU \u2013 muzeograf la Muzeul\nde Art\u0103 Constan\u0163a<\/p>\n\n\n\n<p>&#8211; Organizare expozi\u0163ie, protocol vernisaj: centralizare\nmateriale grafica si tehnoredactare albul: Mirela Iuliana Turtoi<\/p>\n\n\n\n<ul><li><strong>Expozi\u0163ie de pictur\u0103<\/strong><strong><em> \u201eTranzi\u0163ii cromatice\u201d-<\/em><\/strong><strong> <\/strong>cu vernisaj pe data\nde 06 mai, la Biblioteca Jude\u0163eana Ioan N. Roman a Asocia\u0163iei ARTI\u015eTI DOBROGENI,&nbsp;<\/li><\/ul>\n\n\n\n<p>&#8211; Prezentare: Geta Deleanu, muzeograf la Muzeul\nde Art\u0103 Constan\u0163a,<\/p>\n\n\n\n<p>&#8211; Organizare expozi\u0163ie, protocol vernisaj:&nbsp; Mirela Iuliana Turtoi.<\/p>\n\n\n\n<p><strong>2015:<\/strong><\/p>\n\n\n\n<ul><li><strong>Expozi\u0163ie de pictur\u0103<em> \u201e\u00cembr\u0103\u0163i\u015f\u0103ri\ncromatice\u201d<\/em><\/strong>\u2013 cu\nvernisaj pe data de 9 mai,\nla hotel IBIS Constan\u0163a,&nbsp; <\/li><\/ul>\n\n\n\n<p>Prezentare Geta\nDeleanu, muzeograf la Muzeul de Art\u0103 Constan\u0163a,<\/p>\n\n\n\n<p>Organizator: Mirela Turtoi <\/p>\n\n\n\n<ul><li><strong>Expozi\u0163ie de pictur\u0103<em> \u201eSpirit cabalin\u201d<\/em>&#8211;\nedi\u0163ia I <\/strong>cu vernisaj pe data de 29 august, la Arena\nEqcvestrica, l\u00e2ng\u0103 Delfinariu,&nbsp; <\/li><\/ul>\n\n\n\n<p>Prezentarea:<\/p>\n\n\n\n<p>Prezentare Geta\nDeleanu, muzeograf la Muzeul de Art\u0103 Constan\u0163a,<\/p>\n\n\n\n<p>Emilia DABU &#8211;\npre\u015fedintele Clubului Artelor Solteris.&nbsp;&nbsp;<\/p>\n\n\n\n<p>Organizator: Mirela Turtoi <\/p>\n\n\n\n<ul><li><strong>Expozi\u0163ie de pictur\u0103<em> \u201eSpirit cabalin\u201d<\/em>&#8211;\nedi\u0163ia a II a &#8211; <\/strong>in\nseptembrie, la deschiderea Hipodromului de la Mangalia <\/li><\/ul>\n\n\n\n<p>Prezentarea: Robert Perko &#8211; dr.\nin arte plastice<\/p>\n\n\n\n<p>Organizator: Mirela Turtoi <\/p>\n\n\n\n<ul><li><strong>Expozi\u0163ie de pictur\u0103<em> \u201eIntre\nanotimpuri\u201d<\/em> &#8211; <\/strong>cu vernisaj pe data de 27 noiembrie, la hotel\nIBIS Constanta,.<\/li><\/ul>\n\n\n\n<p>Prezentare Geta\nDeleanu, muzeograf la Muzeul de Art\u0103 Constan\u0163a,<\/p>\n\n\n\n<p>Organizator: Mirela Turtoi <\/p>\n\n\n\n<p><strong>2014:<\/strong><\/p>\n\n\n\n<ul><li><strong>Expozi\u0163ie de pictur\u0103<\/strong><strong><em>\u201eSalonul de vara 2014\u201d <\/em><\/strong>, Hotel IBIS Constanta<\/li><\/ul>\n\n\n\n<p>Prezentare Geta\nDeleanu, muzeograf la Muzeul de Art\u0103 Constan\u0163a,<\/p>\n\n\n\n<p>Organizator: Mirela Turtoi <\/p>\n\n\n\n<ul><li><strong>Expozi\u0163ie de pictur\u0103<\/strong><strong><em>\u201eSalonul de prim\u0103vara 2014\u201d- <\/em><\/strong>cu\n     vernisaj pe data de<strong><em> <\/em><\/strong>02 martie\n     2014, Hotel IBIS Constanta<\/li><\/ul>\n\n\n\n<p>Prezentare Geta\nDeleanu, muzeograf la Muzeul de Art\u0103 Constan\u0163a,<\/p>\n\n\n\n<p>Organizator: Mirela Turtoi <\/p>\n\n\n\n<p><strong>2013:<\/strong><\/p>\n\n\n\n<ul><li><strong>Expozi\u0163ie de pictur\u0103<\/strong><strong><em>\u201eSalonul de prim\u0103vara 2013 \u201d &#8211; <\/em><\/strong>cu\n     vernisaj pe data de 1\n     martie 2013, Hotel IBIS Constanta 2013<\/li><\/ul>\n\n\n\n<p>Prezentare Geta\nDeleanu, muzeograf la Muzeul de Art\u0103 Constan\u0163a,<\/p>\n\n\n\n<p>Organizator: Mirela Turtoi <\/p>\n\n\n\n<ul><li><strong>Expozi\u0163ie de pictur\u0103<\/strong><strong><em>\u201e Adev\u0103r \u015fi sacru\u201d <\/em><\/strong><strong>&nbsp;(expozi\u0163ie de icoane si teme\n     religioase) &#8211; <\/strong>&nbsp;cu vernisaj pe data de 28 aprilie 2013, Hotel IBIS<\/li><\/ul>\n\n\n\n<p>Prezentare Geta\nDeleanu, muzeograf la Muzeul de Art\u0103 Constan\u0163a,<\/p>\n\n\n\n<p>Organizator: Mirela Turtoi <\/p>\n\n\n\n<ul><li><strong>Expozi\u0163ie de pictur\u0103<\/strong><strong><em>\u201eSalonul de vara\u201d: <\/em><\/strong>&nbsp;13 iunie \u2013 31 iulie 2013, Hotel IBIS\n     Constanta<\/li><\/ul>\n\n\n\n<p>Prezentare critic de art\u0103: Dr. Doina P\u0103uleanu, directorul Muzeului de Art\nConstanta<\/p>\n\n\n\n<p>Organizator: Mirela Turtoi <\/p>\n\n\n\n<ul><li><strong>Expozi\u0163ie de pictur\u0103<\/strong><strong><em>\u201ePendulare intre citadin si marin\u201d- <\/em><\/strong>cu\n     vernisaj pe data de<strong><em> <\/em><\/strong>9 august\n     2013, Hotel IBIS Constanta<\/li><\/ul>\n\n\n\n<p>Prezentare Geta\nDeleanu, muzeograf la Muzeul de Art\u0103 Constan\u0163a,<\/p>\n\n\n\n<p>Organizator: Mirela Turtoi <\/p>\n\n\n\n<ul><li><strong>Expozi\u0163ie de pictur\u0103<em> \u201eArmonie si\n     candoare\u201d (expozi\u0163ie de nuduri) &#8211; <\/em><\/strong>cu\n     vernisaj pe data de 15 noiembrie 2013, Hotel IBIS Constanta<\/li><\/ul>\n\n\n\n<p>Prezentare Geta\nDeleanu, muzeograf la Muzeul de Art\u0103 Constan\u0163a,<\/p>\n\n\n\n<p>Organizator: Mirela Turtoi <\/p>\n\n\n\n<ul><li><strong><em>&nbsp;<\/em><\/strong><strong>Expozi\u0163ie de pictur\u0103 &#8211; <\/strong>cu\n     vernisaj pe data de 22\n     decembrie 2013, Hotel IBIS Constanta<\/li><\/ul>\n\n\n\n<p>Prezentare Geta\nDeleanu, muzeograf la Muzeul de Art\u0103 Constan\u0163a,<\/p>\n\n\n\n<p>Organizator: Mirela Turtoi <\/p>\n\n\n\n<div class=\"wp-block-dgwt-justified-gallery\">\n\t\t<style type=\"text\/css\">\n\t\t\t#gallery-1 {\n\t\t\t\tmargin: auto;\n\t\t\t}\n\t\t\t#gallery-1 .gallery-item {\n\t\t\t\tfloat: left;\n\t\t\t\tmargin-top: 10px;\n\t\t\t\ttext-align: center;\n\t\t\t\twidth: 33%;\n\t\t\t}\n\t\t\t#gallery-1 img {\n\t\t\t\tborder: 2px solid #cfcfcf;\n\t\t\t}\n\t\t\t#gallery-1 .gallery-caption {\n\t\t\t\tmargin-left: 0;\n\t\t\t}\n\t\t\t\/* see gallery_shortcode() in wp-includes\/media.php *\/\n\t\t<\/style>\n\t\t<div id='gallery-1' class='gallery galleryid-27 gallery-columns-3 gallery-size-thumbnail'><dl class='gallery-item'>\n\t\t\t<dt class='gallery-icon landscape'>\n\t\t\t\t<a href='https:\/\/artisti-dobrogeni.ro\/home\/asociatia-artisti-dobrogeni\/evenimente\/1-4\/'><img width=\"150\" height=\"150\" src=\"https:\/\/artisti-dobrogeni.ro\/home\/wp-content\/uploads\/2019\/01\/1-3-150x150.jpg\" class=\"attachment-thumbnail size-thumbnail\" alt=\"\" decoding=\"async\" loading=\"lazy\" \/><\/a>\n\t\t\t<\/dt><\/dl><dl class='gallery-item'>\n\t\t\t<dt class='gallery-icon landscape'>\n\t\t\t\t<a href='https:\/\/artisti-dobrogeni.ro\/home\/asociatia-artisti-dobrogeni\/evenimente\/28-4\/'><img width=\"150\" height=\"150\" src=\"https:\/\/artisti-dobrogeni.ro\/home\/wp-content\/uploads\/2019\/01\/28-3-150x150.jpg\" class=\"attachment-thumbnail size-thumbnail\" alt=\"\" decoding=\"async\" loading=\"lazy\" \/><\/a>\n\t\t\t<\/dt><\/dl><dl class='gallery-item'>\n\t\t\t<dt class='gallery-icon landscape'>\n\t\t\t\t<a href='https:\/\/artisti-dobrogeni.ro\/home\/asociatia-artisti-dobrogeni\/evenimente\/280-4\/'><img width=\"150\" height=\"150\" src=\"https:\/\/artisti-dobrogeni.ro\/home\/wp-content\/uploads\/2019\/01\/280-3-150x150.jpg\" class=\"attachment-thumbnail size-thumbnail\" alt=\"\" decoding=\"async\" loading=\"lazy\" \/><\/a>\n\t\t\t<\/dt><\/dl><br style=\"clear: both\" \/>\n\t\t<\/div>\n<\/div>\n","protected":false},"excerpt":{"rendered":"<p>Activitatea artistic\u0103 a grupului de arti\u015fti dobrogeni 2018 Expozi\u0163ie de pictur\u0103 \u201eLegende pe p\u00e2nz\u0103\u201d \u2013 cu vernisaj pe data de 23 noiembrie 2017, la Biblioteca Jude\u0163ean\u0103 Ioan N. Roman,&nbsp;cu picturi ale membrilor Asocia\u0163iei Arti\u015fti Dobrogeni \u015fi cu lansarea albumului de art\u0103 \u015fi legende dobrogene \u201e100 de ani la malul m\u0103rii cu arti\u0219ti dobrogeni\u201d. &#8211; Prezentare: Geta Deleanu, muzeograf la Muzeul de Art\u0103 Constan\u0163a, &#8211; Organizare expozi\u0163ie, protocol vernisaj, concep\u021bie album de atr\u0103 \u0219i legende, centralizare \u015fi selec\u0163ie materiale, tehnoredactare album: Mirela Iuliana Turtoi, &#8211; Grafic\u0103 album: Gabriela Bobeanu. Expozi\u0163ie de pictur\u0103 \u201c\u00cen drum spre Balcic\u201d &#8211; cu vernisaj pe data [&hellip;]<\/p>\n","protected":false},"author":1,"featured_media":0,"parent":16,"menu_order":0,"comment_status":"closed","ping_status":"closed","template":"","meta":[],"_links":{"self":[{"href":"https:\/\/artisti-dobrogeni.ro\/home\/wp-json\/wp\/v2\/pages\/27"}],"collection":[{"href":"https:\/\/artisti-dobrogeni.ro\/home\/wp-json\/wp\/v2\/pages"}],"about":[{"href":"https:\/\/artisti-dobrogeni.ro\/home\/wp-json\/wp\/v2\/types\/page"}],"author":[{"embeddable":true,"href":"https:\/\/artisti-dobrogeni.ro\/home\/wp-json\/wp\/v2\/users\/1"}],"replies":[{"embeddable":true,"href":"https:\/\/artisti-dobrogeni.ro\/home\/wp-json\/wp\/v2\/comments?post=27"}],"version-history":[{"count":7,"href":"https:\/\/artisti-dobrogeni.ro\/home\/wp-json\/wp\/v2\/pages\/27\/revisions"}],"predecessor-version":[{"id":1543,"href":"https:\/\/artisti-dobrogeni.ro\/home\/wp-json\/wp\/v2\/pages\/27\/revisions\/1543"}],"up":[{"embeddable":true,"href":"https:\/\/artisti-dobrogeni.ro\/home\/wp-json\/wp\/v2\/pages\/16"}],"wp:attachment":[{"href":"https:\/\/artisti-dobrogeni.ro\/home\/wp-json\/wp\/v2\/media?parent=27"}],"curies":[{"name":"wp","href":"https:\/\/api.w.org\/{rel}","templated":true}]}}